)/(2/72). Determine f(b).
12
Let c(v) = -5*v + 393. Let a(m) = -2*m + 148. Let s(d) = -8*a(d) + 3*c(d). Suppose 5 = -45*y + 44*y. What is s(y)?
-10
Suppose -2 + 10 = -4*k, -5*o + 4*k - 12 = 0. Let l(u) = -8*u - 4 + 4 - 22*u**2 + 20*u**2 - 4. Determine l(o).
-4
Let g(p) = -3*p + 6. Let s(u) = -u + 2. Let z(b) = -6*g(b) + 17*s(b). Let y = 33 - 19. Let q be 23/(-7) - y/(-49). Calculate z(q).
-5
Let t be (-2652)/102 + 15 + 0. Let m(u) = -u**2 - 9*u - 17. Give m(t).
-39
Let s(d) = 6*d**3 - d**2 - d. Let n = -12 + -188. Let r = n - -199. Calculate s(r).
-6
Suppose -3*c = -5*c + 2. Suppose -2 = 5*j - 3*f, -3*f + 4 = 5*j - 18. Let s(u) = -5*u + c - u**j + 2 + 0. Determine s(-7).
-11
Let b(h) = -201*h - 813. Let w be b(-4). Let a(v) = -v**3 - 10*v**2 - 2*v + 5. Determine a(w).
-58
Let u(d) = -d**3 + 7*d**2 + 10*d - 3. Let p(o) = -13*o + 93. Let a be p(6). Suppose 9 = 3*z - a. Give u(z).
13
Let c(f) = f**3 + 11*f**2 + 29*f + 10. Suppose -683 = -38*a - 873. Determine c(a).
15
Let w(s) be the second derivative of -s**4/12 + 2*s**3/3 - 2*s**2 + 2*s + 35. Let i = -70 - -73. Give w(i).
-1
Let n(p) = -p**3 + 5*p**2 - 7*p + 12. Let o be (-17)/(17/(-8)) + 445. Let q = 457 - o. What is n(q)?
0
Let y be ((-7350)/(-343))/(3/56). Let v = -394 + y. Let l(o) = -o + 6. Give l(v).
0
Let j(q) = -7*q + 1. Let s(m) = -5*m**2 - 8*m - 8. Let y(v) = -v**2 - v - 1. Let z(i) = -s(i) + 3*y(i). Suppose 2 = 14*d - 15*d. Let c be z(d). Determine j(c).
-20
Suppose -5*b + 196 = -9*b. Let k = b + 52. Suppose 14*o = 13*o - k. Let d(h) = h**3 + 3*h**2 + h + 3. Determine d(o).
0
Let o(t) = 0*t**2 + 79*t - 72*t + 2*t**2 + 13*t**2 - 11. Let h be o(2). Let m = h - 64. Let l(q) = q. Give l(m).
-1
Let z(w) = -64*w + 207*w + 6*w**2 - 63*w + w**3 - 66*w + 7. Let v be z(-2). Let q(f) = -f**3 - 6*f**2 - 4*f - 1. What is q(v)?
-6
Suppose -2*x = 305 - 361. Suppose -4*u + x = 2*d, 2*u - u - 2*d = -3. Let a(w) = w**3 - 6*w**2 + 6*w - 6. Determine a(u).
-1
Let w(g) = -g**3 - 10*g**2 + 13*g + 16. Suppose 0 = 2345*b - 2327*b + 198. Give w(b).
-6
Suppose -u - 4*a + 80 = 0, 170 = 5*u - 2*u - 2*a. Suppose 2*x - 11 = -w + 8, 5*w - u = -5*x. Let j(t) = -9 + 0*t**3 + 20 - 2*t - 12 + x*t**3. Give j(-1).
-6
Let a be 1/(-2)*-3*(-238)/51. Let j(m) = -7*m - 16. Give j(a).
33
Let h(i) = 4*i - 8. Let m(s) be the first derivative of 3*s**4/4 + 11*s**3 - s**2/2 - 8*s + 35. Let u be m(-11). What is h(u)?
4
Suppose 5*g - g = -z + 29, -5*g + 20 = 0. Let x be (z/4 + -3)*-7*4. Let v(f) = -f**2 - 4*f - 2. Give v(x).
-23
Let d(v) be the second derivative of -1/6*v**3 - 1/8*v**4 + 19/2*v**2 + 0 + 36*v. Let o(s) be the first derivative of d(s). What is o(-4)?
11
Let g(q) = -q**2 + 6*q - 5 + 3*q**2 + 2*q**2 - q**3. Let p be (-16335)/20 + 25/(-20) + 1. Let b = -812 - p. Give g(b).
0
Let m(u) = -u**3 - 6*u**2 - 7*u - 14. Let x = -2447 + 2442. Give m(x).
-4
Let t be (-8)/(-10) - (-48)/15 - -3. Let p(s) be the second derivative of s**5/20 - 7*s**4/12 + 4*s**2 - 355*s. Calculate p(t).
8
Let o(j) be the second derivative of 101*j**3/6 + 53*j**2 + 763*j - 2. Determine o(-1).
5
Let m(l) = 138 + 7*l**2 + 18*l - 107 - 11*l**2 + 5*l**2. What is m(-19)?
50
Suppose 8*g - 36 - 4 = 0. Suppose g*v = 5*s + 3*v - 25, 4*v = s - 23. Let q(m) = 10*m**2 - 17*m**s + 2*m**2 - 5*m**2 + 16*m**3 + 7 - m. What is q(7)?
0
Suppose -8*j + 4*j + 76 = 0. Suppose 27*p - j*p - 8 = 0. Let i(x) = -x**2 - x + 1. What is i(p)?
-1
Let y(o) = -o**3 - o**2 + 6 + 2*o**2 - 3 - 11*o**2 - 15*o. Let g be 275/(-33) - 2/(-6). Let p be y(g). Let s(t) = t**3 + 6*t**2 + 7*t + 6. What is s(p)?
-4
Let n(w) = 8*w + 7 - 15*w**2 + 9*w**2 + 7*w**2. Let d be 4/(-16)*0 + -8*1. Determine n(d).
7
Suppose 5 = 2*v + 2*m - 5, -5*m + 9 = -3*v. Let i(f) = 0*f**3 + 6 + f**v - f + 4 + 0*f + f**3. Let u be (-4)/(-10) - 4/10. Determine i(u).
10
Let y(r) = r**3 + 6*r**2 + 6*r - 2. Suppose -q - 3*n = -1, -3*q + 5*n - 3 = 8. Let k be y(q). Let g(u) = 2*u**3 - 3*u**2. Determine g(k).
4
Let y(j) = 113*j - 3960. Let n be y(35). Let b(g) = 6 + g**2 + 4*g - 5*g**2 + 5*g**2. Determine b(n).
11
Suppose -9*u = -14*u - 20. Let i(d) = -4*d + d**3 + d + 2*d - 1. Let t(h) = 4*h**3 + 4*h**2 - 3*h - 7. Let r(f) = -3*i(f) + t(f). Calculate r(u).
-4
Let u be ((-100)/60)/((-10)/9)*40/15. Let v(f) = f**3 - 8*f**2 + 17*f + 5. Calculate v(u).
9
Let z(o) = -30*o + 217. Let m(q) = 61*q - 449. Let f(l) = 4*m(l) + 9*z(l). Calculate f(6).
1
Let s(g) = -2*g**2 + 21*g - 16. Let u be -1*25*12/(-6)*(-8)/(-40). Give s(u).
-6
Let l = -2336 - -1590. Let p = -748 - l. Let h(m) be the second derivative of 2*m**3/3 - m. Calculate h(p).
-8
Let z(m) = m**3 - 5*m**2 + 5*m - 1. Let d(v) = -230*v**3 - 5*v**2 - 3 + 1 + 9*v - 4*v**2 + 232*v**3. Let x(c) = 3*d(c) - 5*z(c). Calculate x(1).
0
Let n be 10*1*(-8)/(-10). Let u(o) = 6*o - 11. Let g(a) = -4*a + 7. Let k(y) = n*g(y) + 5*u(y). Let d be 2/11 + 3*1040/1716. Calculate k(d).
-3
Let g = -15607 - -15608. Let k(f) = -25*f + 40. Determine k(g).
15
Let l(t) = 61*t**3 + 23*t**2 - 24*t + 1. Let w be l(1). Let j(p) = 12*p. Let r be j(5). Let o = w - r. Let a(m) = 5*m. Calculate a(o).
5
Let d(j) be the third derivative of j**6/120 + j**5/10 + 5*j**4/24 - 2*j**3/3 - 8*j**2. Let g = -63 - -71. Suppose 0 = -2*h + 4*h + g. Give d(h).
8
Let l(c) = -20*c - 8*c + 41*c + 10. Let i(z) = 35*z + 28. Let h(x) = 3*i(x) - 8*l(x). What is h(-4)?
0
Let i(m) be the third derivative of m**5/60 - m**4/3 + m**3/2 + 12*m**2. Let c be (38/8 - (-3)/(-4))*2. Suppose 8 - 56 = -c*f. Determine i(f).
-9
Suppose 0 = -4*k - 2*s - 36, -105*s + 101*s - 16 = 0. Let a(x) = -10*x - 18. Calculate a(k).
52
Suppose -731*i = -737*i. Let w(v) = -7*v**2 + 7*v - 17. Let u(o) = -8*o**2 + 8*o - 19. Let c(j) = -6*u(j) + 7*w(j). Give c(i).
-5
Let y(v) be the third derivative of -v**7/420 - v**6/180 - v**4/6 - 8*v**3 + 82*v**2. Let c(g) be the first derivative of y(g). What is c(-3)?
32
Let a be 2/16 - 819/(-168). Let u(y) be the third derivative of y**6/120 - y**5/10 + 7*y**4/24 - y**3/2 + y**2. Give u(a).
7
Let q(m) = -45*m**2 - 96*m + 20. Let t(u) = 17*u**2 + 35*u - 7. Let l(g) = -3*q(g) - 8*t(g). Let b be (-8)/6*(-6)/1. Calculate l(b).
-4
Let u(d) be the first derivative of -d**4/4 + 28*d**3/3 - 27*d**2/2 + 6*d - 154. What is u(27)?
6
Suppose -161*v = 622*v - 783. Let b(p) = -2 + 37*p - 2 + 3. What is b(v)?
36
Suppose 6 = 188*p - 186*p. Let j(w) = 13*w**2 - w - 1. Calculate j(p).
113
Let d(t) = t**3 + 25*t**2 + 25*t + 27. Let o be d(-24). Let k(q) = -4*q**3 + 1 + 8*q**3 - q**3 + 3*q**o. Determine k(1).
7
Suppose 9*p - 6*p = 0. Suppose p*z = -z - 3. Let n(q) be the second derivative of q**4/12 + q**3/2 + 2*q**2 - 6*q - 114. Calculate n(z).
4
Let k(d) = -9*d**3 - 246 - 3*d**3 - 255 + 496 - 4*d + 9*d + d**2. Give k(2).
-87
Let l(v) = -v**2 - v - 2. Suppose 0 = -5*d + s + 9, 3*d + 5*s = 4*d + 3. Let n(y) = 0*y + 2*y + 12*y**d - y**3 - 3*y**2 - 8 - 9*y. Let x be n(8). Give l(x).
-2
Let m(a) = -51*a - 463. Let f(t) = 202*t + 1853. Let d(z) = 3*f(z) + 13*m(z). Determine d(-8).
-4
Let q(n) = -n**3 - 5*n**2 + n + 10. Let v be ((-595)/56 - -6) + 9/(-24). Give q(v).
5
Let r be -2*(19/(-2) + 2/(4/6)). Let l(h) = -h**3 + 13*h**2 - 4*h + 46. Determine l(r).
-6
Let l(x) = 3*x + 5. Let z(m) = -m + 9. Let p be z(10). Let f(o) = -2*o - 1. Let g(t) = p*l(t) - f(t). Let c be (-2)/(-1) + 12/3. Determine g(c).
-10
Let m be (86 - 0) + (-3)/3. Let i(y) = -m*y + 89*y + 2 + 6. Determine i(6).
32
Let i(d) = 10*d - 5*d + 4*d**2 - 199*d**3 + 200*d**3 - 2*d - 6*d + 3. Suppose 3*x + x + 20 = 0. Give i(x).
-7
Let b(n) = 16*n**2 - 4*n - 5. Let l(a) = -43*a**2 + 12*a + 16. Let p(g) = 8*b(g) + 3*l(g). Give p(6).
-4
Let h(p) = -2*p - 4. Let m = -3384 - -3374. Calculate h(m).
16
Suppose 20*y - 56 = 16*y. Suppose -16 - 12 = -y*d. Let x(g) = -2*g**2 - 1 + 42*g**3 + 0 - 41*g**3 + 0*g**d + 2*g. Give x(1).
0
Suppose -4*p + 38 = -3*w + 72, 5*w - 47 = -3*p. Let o(n) = -3*n**2 + 35*n - 34. What is o(w)?
16
Let y(h) = 16*h**2 - 143*h - 1. Let u be y(9). Let r(l) = l**2 - l - 5. Give r(u).
51
Let x(j) = 20*j**3 - 41*j**2 - 8*j - 62. Let q(z) = 7*z**3 - 15*z**2 - 3*z - 21. Let d(s) = -17*q(s) + 6*x(s). What is d(-9)?
-42
Let x be -2*(2 - (-5 - -8)). Let h(k) = -2 + 2 - 121*k + 125*k + 2*k**x. Give h(-4).
16
Let v(r) = r**2 + r - 3. Let j be v(-3). Let h(f) = -f**2 + 4*f + 1. Let p